30) + 0 + 4 + 2
-11
-13 + -7 + 6 + -13 + 2
-25
Calculate -1 + 14 + -1 + -3 + 0 - -9.
18
What is -14 + -12 - (6 + -17)?
-15
What is the value of (1 - 4) + 16 - (-41 + 52)?
2
What is -33 - (-31 - -12) - 1?
-15
What is the value of -20 + 27 + -11 + -2?
-6
Evaluate 14 + -3 + (-4 + 6 - 0).
13
What is the value of -12 - (-23 + 9) - (4 - (3 - 1))?
0
(2 - 0) + 0 + 2 + -17 + 2
-11
Evaluate (12 + -7 - 19 - (5 - 10)) + -12.
-21
What is 4 - (5 + (-4 + (0 - -5) - 6))?
4
What is -32 + (16 + -1 - 17) + 10?
-24
4 - (-2 - -12 - 6)
0
What is 1 - (11 - (-3 - (-11 + -2)) - -8)?
-8
Evaluate -174 + 176 - (6 + 0).
-4
Evaluate (9 - 2 - 12) + -16 + 1.
-20
Calculate 8 + -10 + 4 + 9.
11
What is 14 + 1 + -185 + 172?
2
-13 + 7 + 5 - 8 - -12
3
What is the value of 38 + (-34 - -25 - 16)?
13
Evaluate 6 + -12 + 11 + -9.
-4
Evaluate (6 - -1) + (1 - 8) + 11.
11
Calculate -7 - (-8 + (6 - 3) + (-25 - -32)).
-9
What is 6 + (1 + 8 - (31 + -13))?
-3
What is -8 + (9 - (7 + 16)) - -4?
-18
45 - (15 - -7 - -9)
14
What is -91 + 102 + (1 - 9)?
3
Evaluate 18 + (-48 - -30) + 3 + 9.
12
(2 - 9) + -51 + 45 + 18
5
What is the value of -13 + 7 + (2 - -9) + 8?
13
Calculate -23 + -5 + 10 + (-1 + 1 - 4).
-22
Calculate (0 - 10) + (-10 - -30) + -1 + -2.
7
What is 4 - (-11 + 13) - -6 - (-1 - -11)?
-2
What is 3 - (12 + -21 + -7 + 11)?
8
What is (-5 - 11) + 8 - -17 - -9?
18
Evaluate -26 + 46 + 5 - 9.
16
What is -18 + (20 - -4) + -9?
-3
Evaluate 8 + 1 + (-15 - (10 + -10 - 14)).
8
Calculate 4 - 4 - (16 - 33).
17
What is the value of -27 - ((4 - 5) + -7)?
-19
What is the value of 5 + -18 + 1 + -4 + 9?
-7
What is (-5 - 0 - -11) + -9 + 5 + -10?
-8
What is the value of 60 + 30 + -74 - (-3 - 0)?
19
5 + -22 + 3 + 13 + (5 - 0)
4
Evaluate 1 + (3 - 0) + 0 + 5 + -1.
8
Calculate 10 - (-15 + -6) - 18.
13
Calculate (-96 - -106) + -3 + -36.
-29
What is -32 + 39 + 11 + 3 + -13?
8
Evaluate 5 + (-6 - 4 - 9).
-14
What is the value of -2 + -1 + 10 + -72 + 27 + 26?
-12
Calculate 3 - 6 - (5 + -9 - 0 - -9).
-8
Calculate -1 + (12 - 15) + (0 - -8) + -2.
2
-1 + -25 + 16 + 22
12
Evaluate 2 + (2 - 1) - (3 - 4 - 0).
4
What is the value of (-1 - (14 - 24)) + -4 + -1 + -1?
3
Calculate 8 + (-15 - -20) + -5.
8
What is the value of 0 - -15 - (960 - 963)?
18
Evaluate 42 + -1 + (-110 - -98) - (4 + -7).
32
What is -5 + -1 + 0 + (0 - 3) + 17?
8
11 - (10 + -28 - -25)
4
Evaluate -5 - (-12 - (-1 - 2 - (-51 - -55))).
0
Evaluate (-17 - 0) + -31 + 35 - 9.
-22
Evaluate -21 + (23 - 3) - 11.
-12
What is the value of 16 + (-19 - 2) + -11 - -33?
17
What is 10 - (-1 + (-4 - (-8 + 7)) + 3)?
11
Evaluate 7 - (27 + (10 - 19)).
-11
What is -2 + (-1 + 6 + -4 - (4 - -3))?
-8
Evaluate 14 - ((-3 - 4) + 8) - (3 + 1).
9
What is the value of -7 + 4 + -3 + (-12 - -7 - 1)?
-12
Calculate (-3 - 0) + -6 + (12 - 7).
-4
Evaluate 13 + (-15 - -1) + 7.
6
Evaluate 4 + (-4 - (-7 - -6) - -7) + -1.
7
What is the value of 2 - 4 - (-131 - -132)?
-3
-314 - -336 - (-1 + 4)
19
Evaluate (5 - 2) + -5 + -2 + 13.
9
-14 - (0 + (-7 - -3))
-10
What is -7 + -1 + 7 - (1 - 5)?
3
What is -7 + -20 + (18 - 27) + 26?
-10
What is (7 - 7) + (-45 - -41)?
-4
What is the value of -5 + (6 - (2 + (2 - -2)) - 5)?
-10
Evaluate 1 + 11 + -249 + 231.
-6
-3 + 7 + -12 - -13 - -14
19
Calculate (89 + -76 - (4 + -2)) + -13.
-2
Evaluate 0 - -2 - (7 + 7 + 1).
-13
What is (-25 - -45 - (2 + 9)) + 4 + 11?
24
What is (-5 - 18) + 18 + 7?
2
Calculate 17 - 21 - (2 - 4) - -19.
17
29 + -3 - (17 - 3)
12
What is 7 + 0 + 2 + -20?
-11
What is the value of (0 + -3 - 7) + (-36 - -41)?
-5
Calculate 36 - 52 - (-11 + 2).
-7
What is 5 - (9 + -9 + (16 - 2))?
-9
Evaluate (5 + -6 - -3 - -4) + -15 + 1.
-8
What is the value of -17 - ((18 - 26) + -5)?
-4
What is 4 - 1 - 14 - (4 + -5 + -1)?
-9
Evaluate 951 + -955 + 5 + 1.
2
-8 + (13 - (4 - 10 - -4))
7
2 + 17 + (40 - 56) - (4 + 1)
-2
-24 + (1 - -6 - (-25 + -5 + 31))
-18
5 + (-8 - 1) - (30 - 23)
-11
What is (2 - -38 - (85 - 73)) + -3?
25
-33 + (7 - -8) + 10
-8
What is the value of -2 - -13 - (-2 - (-2 - (-7 + 7)))?
11
What is the value of -37 + 12 + 11 + 3 + 3?
-8
Calculate (50 - 47 - (-1 + 2 - 7)) + 2.
11
What is the value of -7 + 12 + 13 + -26 + -3?
-11
Evaluate -8 - 2 - (104 - 112).
-2
Evaluate 10 - ((5 - (10 + -15)) + 3 + -5).
2
What is (-4 - (-7 - -2)) + (-1 - (3 - -1))?
-4
What is 7 + 48 + -40 - (0 - 0)?
15
What is 2 + 8 + -131 + 122?
1
What is the value of 21 + (-9 - ((0 + -4 - -7) + -4))?
13
What is -2 - 11 - -11 - (2 + 4)?
-8
Calculate -10 - -8 - ((-1 - -25) + -13).
-13
(-2 - 3) + -14 + 10 + -4
-13
Calculate 5 + -8 + -13 + (-307 - -318).
-5
What is 38 + -20 + (-10 - 29)?
-21
Evaluate (-28 + 23 - 47) + 29.
-23
Calculate -1 + 7 + (7 - -9 - (-2 - -8)).
16
7 - (0 - (7 - (-1 - -7)))
8
What is the value of (3 - 0) + (-22 - (24 + (-69 - 5)))?
31
What is -7 - 1 - (-7 + (20 - 14))?
-7
813 + -777 + (-62 - -1)
-25
Calculate 114 + -130 - (-21 - -2) - (-1 - 26).
30
What is the value of (-23 - -8 - -12) + (14 - 6) + -4?
1
Calculate 22 - 14 - (9 - (6 - 3) - 9).
11
What is (9 - -3 - 0) + -6 + 10?
16
What is (28 + -5 - 8) + -10 + 8?
13
Calculate 40 - (10 + 1 + -13 + 11).
31
Evaluate 6 - (-8 + 11) - 7 - (-19 - 2).
17
Calculate -9 + 92 - 91 - (-31 + 1).
22
Evaluate (-12 - (-3 + -6)) + 3 + -8.
-8
What is the value of 65 - -9 - 38 - -1?
37
Calculate (11 - (8 - 2) - -1) + -43 + -3.
-40
What is the value of 15 - (5 + (-1 + -11 + 3 - -1))?
18
What is 0 + (-2 + -5 - -5) + -39 + 43?
2
Calculate -5 + (-6 - ((-4 - (8 + -8)) + -9)).
2
What is -7 + 2 + (-3 - -2) - (59 + -66)?
1
What is -12 + (14 + -6 - 3)?
-7
26 - (-28 - -9 - -48)
-3
What is (-47 - -40) + (0 - 1) + -6?
-14
(6 - 9) + 4 + 3 + 0 + 1
5
25 + -6 + 7 + -13 - 18
-5
Evaluate 12 + 1 - (4 + -1 + (60 - 57)).
7
Calculate -9 + (17 + 0 - (397 + -397)).
8
Evaluate 4 - (8 - 27 - -19) - (0 - 30).
34
What is the value of 1 - 21 - -23 - (0 + 0)?
3
Calculate 1 - (2 - (-10 - -21)).
10
Evaluate -18 + -1 + -6 + (-1 - -7).
-19
What is -16 + -15 + 46 - 13?
2
What is the value of -8 + -45 + 59 + -3 + -2 + -15?
-14
Calculate 2 - 0 - (-1 - 17 - (-12 + 11)).
19
Evaluate (5 - 8) + -6 + 7 + -5 + -28.
-35
What is 4 + (-27 - (-14 - (-11 - -16)))?
-4
(0 - 1 - 11) + 5
-7
(-5 + -2 - -1) + (42 - (91 - 39))
-16
-2 - -2 - (5 - 1 - 7)
3
What is the value of (-1 - (1 - 5)) + (7 - -40) + -49?
1
Evaluate -38 - (25 + 6 + -69).
0
Calculate (-12 - (-22 + 25)) + (1 + -2 - -2).
-14
What is the value of (8 - 50 - -32) + (-2 - -1)?
-11
4 + (1 + 2 - 5) - (95 + -92)
-1
-85 + 78 - (4 + (-16 - 4))
9
19 - (1 + (24 - 10))
4
(12 - 22 - 3) + -3
-16
-21 - (-40 + 44) - -14
-11
Calculate 1 + 6 + 2 + -18 + 4.
-5
Evaluate -13 + (12 - 22 - -12) + 10.
-1
What is 14 - (-17 - 11 - -37)?
5
Calculate (0 - (-9 + 26)) + 0.
-17
Calculate -108 + 78 - (-25 + 2).
-7
What is the value of (-9 + 23 - -32) + -14?
32
What is (17 - (2 - -17) - (8 + 0)) + 7?
-3
Evaluate 14 + -17 - (13 + (-4 - 2 - -1)).
-11
What is 1 - 8 - (-6 + (4 - 4)) - 2?
-3
What is the value of 11 - (18 + -12 + 6 - 1)?
0
What is the value of 6 - (12 - (-41 - -23))?
-24
Evaluate (-4 - -28) + -21 + (9 - -1) - -7.
20
Evaluate (1 - 3) + (12 - 15 - -12).
7
What is the value of (4 - (0 + -21 - -7)) + -4?
14
Calculate -7 - (3 + -44 + (34 - 23)).
23
Calculate -2 + (-7 - 4) + (13 - 21).
-21
Evaluate -54 - (-41 + 1) - (-4 + 13).
-23
Evaluate -1 + (10 - (11 + 9)) - 2.
-13
0 + 12 + (-1 - 14 - (255 + -268))
10
Evaluate (4 + 0 - -1) + (8 - 5).
8
Evaluate (-1 + 9 + -11 - -6) + 2.
5
Evaluate 5 + 0 + 8 + -7.
6
Calculate -21 - (-15 + -3 + 15).
-18
What is -3 + -4 - (10 + -12 - 20)?
15
Evaluate -19 + -2 + (56 - 39).
-4
Evaluate 274 + -268 + (1 - (8 + -4 + -29)).
32
1 + (3 + (-29 - (-6 + 5)) - -1)
-23
Evaluate -17 + (29 - 8) + -2.
2
What is -18 + (13 - (4 - -3) - 1) + -4?
-17
What is the value of 11 + 1 + 5 + -28 + 24?
13
What is the value of 33 - (5 - (14 - 10))?
32
Evaluate -2 + -19 + 25 + (0 - 5) + 9.
8
What is -6 + 0 - (73 - 40 - 29)?
-10
Evaluate (-2 - 9) + (2 + -3 + -2 - -1).
-13
Calculate -10 - (0 - (-2 - (1 + 0))).
-13
Evaluate (24 - 15) + -19 + 12.
2
What is the value of (3 + 1 + 11 - 8) + 5?
12
-14 + 6 + (-17 - -11 - 3 - -19)
2
Calculate 22 - (13 - (8 + -5)).
12
What is the value of 53 - (-30 + 19 + 36)?
28
(3 - 9) + 22 - (-9 - -8 - 0)
17
Calculate -5 - (4 + 10 + (-32 - -5)).
8
-4 + (6 - (17 - 9 - 3)) + -7
-10
-190 + 184 + (-17 + 4 - -3)
-16
Calculate (-16 - -7) 